{"id":9,"date":"2024-12-17T19:18:45","date_gmt":"2024-12-17T19:18:45","guid":{"rendered":"http:\/\/eko-inwestycje.pl\/?page_id=9"},"modified":"2024-12-17T19:25:01","modified_gmt":"2024-12-17T19:25:01","slug":"9-2","status":"publish","type":"page","link":"http:\/\/eko-inwestycje.pl\/index.php\/9-2\/","title":{"rendered":""},"content":{"rendered":"\n<p>Ekoinwestycje to dzia\u0142ania inwestycyjne, kt\u00f3re maj\u0105 na celu osi\u0105gni\u0119cie pozytywnych efekt\u00f3w ekologicznych, spo\u0142ecznych i gospodarczych. W ramach ekoinwestycji mo\u017cna wyr\u00f3\u017cni\u0107 projekty zwi\u0105zane z odnawialnymi \u017ar\u00f3d\u0142ami energii, efektywno\u015bci\u0105 energetyczn\u0105, gospodark\u0105 odpadami, zr\u00f3wnowa\u017conym transportem i ochron\u0105 bior\u00f3\u017cnorodno\u015bci. Inwestowanie w ekoinicjatywy jest coraz bardziej popularne, poniewa\u017c przyczyniaj\u0105 si\u0119 one do zr\u00f3wnowa\u017conego rozwoju i s\u0105 zgodne z globalnymi trendami w zakresie ochrony \u015brodowiska. Wspieranie takich inwestycji mo\u017ce przynie\u015b\u0107 korzy\u015bci zar\u00f3wno inwestorom, jak i spo\u0142eczno\u015bciom lokalnym, poprzez tworzenie nowych miejsc pracy, redukcj\u0119 emisji gaz\u00f3w cieplarnianych oraz popraw\u0119 jako\u015bci \u017cycia.<\/p>\n\n\n\n<div class=\"wp-block-group alignfull has-background-background-color has-background has-global-padding is-layout-constrained wp-container-core-group-is-layout-7276a2bb wp-block-group-is-layout-constrained\" style=\"margin-top:0;margin-bottom:0;padding-top:var(--wp--preset--spacing--60);padding-right:var(--wp--preset--spacing--30);padding-bottom:var(--wp--preset--spacing--60);padding-left:var(--wp--preset--spacing--30)\">\n<div class=\"wp-block-columns alignwide are-vertically-aligned-center is-layout-flex wp-container-core-columns-is-layout-08c01c1c wp-block-columns-is-layout-flex\">\n<div class=\"wp-block-column is-vertically-aligned-center is-layout-flow wp-block-column-is-layout-flow\">\n<h2 class=\"wp-block-heading has-large-font-size\">Zarezerwuj swoj\u0105 wizyt\u0119 szybko i \u0142atwo online ju\u017c dzi\u015b.<\/h2>\n\n\n\n<p style=\"margin-top:16px\">Ta sekcja zawiera kompleksowe wyja\u015bnienie procesu rezerwacji, szczeg\u00f3\u0142owo opisuj\u0105c jego prostot\u0119 i efektywno\u015b\u0107. Oferuje u\u017cytkownikom jasne wskaz\u00f3wki dotycz\u0105ce umawiania spotka\u0144 w \u0142atwy spos\u00f3b oraz zrozumienie dost\u0119pnych opcji, zapewniaj\u0105c p\u0142ynne do\u015bwiadczenie rezerwacyjne.<\/p>\n\n\n\n<div class=\"wp-block-buttons is-layout-flex wp-block-buttons-is-layout-flex\" style=\"margin-top:var(--wp--preset--spacing--40)\">\n<div class=\"wp-block-button\"><a class=\"wp-block-button__link wp-element-button\" href=\"#extendify-booking-cta\">Dowiedz si\u0119 wi\u0119cej<\/a><\/div>\n<\/div>\n<\/div>\n\n\n\n<div class=\"wp-block-column is-vertically-aligned-center is-layout-flow wp-block-column-is-layout-flow\">\n<div class=\"wp-block-cover has-custom-content-position is-position-bottom-left\" style=\"border-radius:4px;padding-top:var(--wp--preset--spacing--40);padding-right:var(--wp--preset--spacing--30);padding-bottom:var(--wp--preset--spacing--30);padding-left:var(--wp--preset--spacing--30);min-height:100%;aspect-ratio:unset;\"><span aria-hidden=\"true\" class=\"wp-block-cover__background has-background-dim\"><\/span><img loading=\"lazy\" decoding=\"async\" width=\"1280\" height=\"1920\" class=\"wp-block-cover__image-background wp-image-15\" alt=\"\" src=\"http:\/\/eko-inwestycje.pl\/wp-content\/uploads\/2024\/12\/55d1afdc7c648db3db1bd1e08c7cf52c172e36b6.jpg\" data-object-fit=\"cover\" srcset=\"http:\/\/eko-inwestycje.pl\/wp-content\/uploads\/2024\/12\/55d1afdc7c648db3db1bd1e08c7cf52c172e36b6.jpg 1280w, http:\/\/eko-inwestycje.pl\/wp-content\/uploads\/2024\/12\/55d1afdc7c648db3db1bd1e08c7cf52c172e36b6-200x300.jpg 200w, http:\/\/eko-inwestycje.pl\/wp-content\/uploads\/2024\/12\/55d1afdc7c648db3db1bd1e08c7cf52c172e36b6-683x1024.jpg 683w, http:\/\/eko-inwestycje.pl\/wp-content\/uploads\/2024\/12\/55d1afdc7c648db3db1bd1e08c7cf52c172e36b6-768x1152.jpg 768w, http:\/\/eko-inwestycje.pl\/wp-content\/uploads\/2024\/12\/55d1afdc7c648db3db1bd1e08c7cf52c172e36b6-1024x1536.jpg 1024w\" sizes=\"auto, (max-width: 1280px) 100vw, 1280px\" \/><div class=\"wp-block-cover__inner-container is-layout-flow wp-block-cover-is-layout-flow\">\n<div style=\"height:240px\" aria-hidden=\"true\" class=\"wp-block-spacer\"><\/div>\n\n\n\n<div class=\"wp-block-group has-global-padding is-layout-constrained wp-block-group-is-layout-constrained\">\n<p style=\"font-size:clamp(1.119rem, 1.119rem + ((1vw - 0.2rem) * 1.052), 1.75rem);font-style:normal;font-weight:500;line-height:1.3\">To zeznanie podkre\u015bla doskona\u0142e wyniki i \u015bwiadczon\u0105 obs\u0142ug\u0119.<\/p>\n\n\n\n<h4 class=\"wp-block-heading has-text-align-left has-small-font-size\">Klient Jeden<\/h4>\n\n\n\n<p class=\"has-text-align-left has-small-font-size\" style=\"margin-top:2px\">Stanowisko zawodowe klienta jeden<\/p>\n<\/div>\n<\/div><\/div>\n<\/div>\n<\/div>\n<\/div>\n","protected":false},"excerpt":{"rendered":"<p>Ekoinwestycje to dzia\u0142ania inwestycyjne, kt\u00f3re maj\u0105 na celu osi\u0105gni\u0119cie pozytywnych efekt\u00f3w ekologicznych, spo\u0142ecznych i gospodarczych. W ramach ekoinwestycji mo\u017cna wyr\u00f3\u017cni\u0107 projekty zwi\u0105zane z odnawialnymi \u017ar\u00f3d\u0142ami energii, efektywno\u015bci\u0105 energetyczn\u0105, gospodark\u0105 odpadami, zr\u00f3wnowa\u017conym transportem i ochron\u0105 bior\u00f3\u017cnorodno\u015bci. Inwestowanie w ekoinicjatywy jest coraz bardziej popularne, poniewa\u017c przyczyniaj\u0105 si\u0119 one do zr\u00f3wnowa\u017conego rozwoju i s\u0105 zgodne z globalnymi trendami [&hellip;]<\/p>\n","protected":false},"author":1,"featured_media":0,"parent":0,"menu_order":0,"comment_status":"closed","ping_status":"closed","template":"","meta":{"footnotes":""},"class_list":["post-9","page","type-page","status-publish","hentry"],"_links":{"self":[{"href":"http:\/\/eko-inwestycje.pl\/index.php\/wp-json\/wp\/v2\/pages\/9","targetHints":{"allow":["GET"]}}],"collection":[{"href":"http:\/\/eko-inwestycje.pl\/index.php\/wp-json\/wp\/v2\/pages"}],"about":[{"href":"http:\/\/eko-inwestycje.pl\/index.php\/wp-json\/wp\/v2\/types\/page"}],"author":[{"embeddable":true,"href":"http:\/\/eko-inwestycje.pl\/index.php\/wp-json\/wp\/v2\/users\/1"}],"replies":[{"embeddable":true,"href":"http:\/\/eko-inwestycje.pl\/index.php\/wp-json\/wp\/v2\/comments?post=9"}],"version-history":[{"count":3,"href":"http:\/\/eko-inwestycje.pl\/index.php\/wp-json\/wp\/v2\/pages\/9\/revisions"}],"predecessor-version":[{"id":16,"href":"http:\/\/eko-inwestycje.pl\/index.php\/wp-json\/wp\/v2\/pages\/9\/revisions\/16"}],"wp:attachment":[{"href":"http:\/\/eko-inwestycje.pl\/index.php\/wp-json\/wp\/v2\/media?parent=9"}],"curies":[{"name":"wp","href":"https:\/\/api.w.org\/{rel}","templated":true}]}}